-513445
Convert -310121212 (base 4) to base 9.
-356367
Convert -626b5c (base 14) to base 11.
-196a255
-12d0ca (base 14) to base 15
-ccb21
What is -531726 (base 11) in base 5?
-204221014
-164660 (base 11) to base 2
-111110010000100101
2577207 (base 9) to base 7
14656552
Convert -158194 (base 11) to base 9.
-413224
What is -5993401 (base 11) in base 12?
-35b7847
1000010111010101010 (base 2) to base 14
71c5c
What is -417728 (base 10) in base 7?
-3356603
Convert -173488 (base 9) to base 11.
-738a9
What is cb430 (base 14) in base 2?
1111000000111100010
What is -10101001110110111010 (base 2) in base 12?
-296762
What is -74733652 (base 8) in base 15?
-16077cb
-810028 (base 11) to base 15
-1ab16e
Convert -2bb9ea (base 15) to base 13.
-59089c
Convert 10441255 (base 6) to base 15.
63bd2
Convert -100011101101100101 (base 2) to base 16.
-23b65
Convert 3244444 (base 5) to base 16.
dbb9
What is -12399c8 (base 13) in base 5?
-2423122121
Convert -68332 (base 12) to base 6.
-2550102
What is 40221261 (base 7) in base 11?
1977206
What is aa046 (base 13) in base 6?
10332130
Convert 2110076 (base 8) to base 5.
120424324
What is 658326 (base 14) in base 2?
1101001000001110111110
Convert 111000100110101011011 (base 2) to base 16.
1c4d5b
What is -b1a6cb (base 15) in base 7?
-131505422
Convert -128252 (base 11) to base 10.
-201280
285116 (base 10) to base 7
2265146
What is 111111000212 (base 3) in base 9?
444025
-2561486 (base 9) to base 10
-1398624
Convert 11132133100 (base 4) to base 2.
101011110011111010000
3545828 (base 10) to base 6
203555512
What is -87a741 (base 12) in base 11?
-1241494
What is 266530 (base 7) in base 13?
19bb8
-122121212212202 (base 3) to base 10
-9366833
Convert 221022100 (base 3) to base 15.
5700
Convert -17b1d5 (base 15) to base 6.
-40402032
10332311322 (base 5) to base 15
eb770c
Convert -15b062 (base 12) to base 9.
-625652
12642 (base 9) to base 10
8543
What is -12200013323 (base 4) in base 7?
-20326136
What is 430160 (base 8) in base 2?
100011000001110000
What is 343047 (base 10) in base 15?
6b99c
-224453020 (base 6) to base 14
-79c2a0
2a6326 (base 11) to base 7
4024230
-1202111210222 (base 3) to base 5
-214411141
What is -110112021221000 (base 3) in base 10?
-6658632
What is -100010111101011011010 (base 2) in base 6?
-40315310
What is -23421141 (base 5) in base 12?
-a5732
What is -8a2111 (base 11) in base 7?
-15135202
-321787 (base 12) to base 10
-790807
Convert -1100110212201 (base 3) to base 15.
-e2b01
33113013 (base 4) to base 13
2283c
-49aa2 (base 11) to base 2
-10001100010111001
10001100001010000010 (base 2) to base 7
4610465
What is 3220233303 (base 4) in base 6?
32233323
-4bacfd (base 16) to base 11
-2888153
Convert 46961 (base 16) to base 6.
10110305
Convert 32452204 (base 6) to base 8.
3550714
Convert 111211211200201 (base 3) to base 11.
4176446
Convert 1bebed (base 16) to base 11.
103a898
What is c6c3a (base 13) in base 9?
605057
Convert -112320440 (base 5) to base 2.
-1111100101100011001
What is -912091 (base 12) in base 14?
-42cdd3
What is 102666 (base 12) in base 8?
756456
What is 138704 (base 9) in base 4?
110302033
138867 (base 13) to base 14
c5673
-22616552 (base 9) to base 6
-1031352245
5417 (base 10) to base 14
1d8d
What is -201425522 (base 6) in base 15?
-47e7a8
Convert 6a013 (base 13) to base 14.
5066c
What is 30879 (base 12) in base 8?
173735
-846026 (base 10) to base 3
-1120222112022
Convert -1b291 (base 14) to base 15.
-1572e
Convert 1023232234 (base 5) to base 15.
2cb5ce
-3335841 (base 11) to base 14
-ac3a03
What is -237443 (base 10) in base 13?
-840cb
-520314343 (base 6) to base 2
-100010010001010000010111
Convert -2604033 (base 9) to base 12.
-5859b6
-131033230 (base 5) to base 8
-2347574
a47a4 (base 15) to base 2
1111111010100000111
70402 (base 12) to base 3
21101220102
102022201011 (base 3) to base 8
663216
Convert -15310061 (base 7) to base 10.
-1464653
-2504453 (base 8) to base 3
-1022002011011
Convert -10245162 (base 8) to base 2.
-1000010100101001110010
-100101101110001101101 (base 2) to base 8
-4556155
-6713633 (base 10) to base 3
-110122002101002
-220670 (base 8) to base 14
-1d05a
Convert -722444 (base 8) to base 4.
-322110210
Convert -20203771 (base 8) to base 12.
-1516449
What is -1474617 (base 9) in base 3?
-1112111200121
Convert 31222124 (base 5) to base 4.
332323331
1210110211121 (base 3) to base 9
1713747
What is -12305001 (base 6) in base 5?
-100211112
-5a66 (base 12) to base 4
-2132232
2100022100101 (base 3) to base 11
781251
-1d9da4 (base 16) to base 15
-285135
What is -100010111001001101110 (base 2) in base 15?
-178bc1
Convert -321110100 (base 4) to base 6.
-5010520
Convert 6513604 (base 7) to base 14.
16933b
-10232014 (base 6) to base 4
-1021030222
Convert 9cd9d (base 14) to base 5.
44200414
What is 223000030 (base 4) in base 5?
21114030
Convert -1833a0 (base 12) to base 10.
-420456
168240 (base 9) to base 6
2123313
What is -3505443 (base 8) in base 7?
-11046533
Convert 1788214 (base 12) to base 6.
253105224
What is 546758 (base 13) in base 16?
1e4a7b
What is -6b1b8 (base 15) in base 11?
-213449
Convert a46218 (base 15) to base 2.
11101110100011100001101
Convert -2405631 (base 8) to base 14.
-131cb7
687152 (base 10) to base 3
1021220121002
1228e3 (base 16) to base 9
2213470
37730 (base 9) to base 13
b724
-102250031 (base 6) to base 12
-726917
Convert 199111 (base 10) to base 11.
126660
41147315 (base 8) to base 15
b6dd13
-dd8b4 (base 15) to base 8
-2536741
-541d1 (base 14) to base 4
-301222223
What is 2c9422 (base 13) in base 5?
240341140
Convert 4212534 (base 6) to base 3.
101100222111
Convert -437b0 (base 14) to base 12.
-7a6a6
1353102 (base 14) to base 9
18520806
30121600 (base 7) to base 11
1452a30
What is -11212012112222 (base 3) in base 7?
-30644135
Convert 56d73 (base 16) to base 5.
42340244
6d52 (base 15) to base 11
16519
What is -13503212 (base 6) in base 2?
-1110000001011111000
Convert 34358 (base 14) to base 15.
278e5
What is 20044125 (base 9) in base 3?
200001111010212
1202120122121 (base 3) to base 14
1a5419
-1305341 (base 6) to base 5
-4234242
Convert 5a6826 (base 12) to base 10.
1463070
-4310214 (base 5) to base 12
-35ba7
Convert -1321330 (base 5) to base 16.
-6761
ae95 (base 15) to base 5
2141130
-1661315 (base 7) to base 8
-707667
What is 100011011000111010011110 (base 2) in base 5?
4333331321
-141012014 (base 5) to base 2
-10101111101100010010
781123 (base 9) to base 4
1301323212
What is 1320433220 (base 5) in base 12?
112b538
Convert 296075c (base 13) to base 4.
302032310021
Convert -20244211 (base 6) to base 16.
-8dfaf
What is -3032111 (base 4) in base 16?
-3395
Convert 102200244 (base 5) to base 16.
688a7
Convert -2231443133 (base 5) to base 13.
-1045529
What is -23322142 (base 5) in base 12?
-a3a53
Convert -37574 (base 11) to base 3.
-2201222021
What is -1110322013 (base 4) in base 7?
-2645642
What is 22012211120 (base 3) in base 16?
277b6
-111334041 (base 5) to base 6
-14344550
What is 5727857 (base 10) in base 4?
111312121301
What is 112111303 (base 4) in base 14?
254c3
What is -c0cd6 (base 16) in base 7?
-6466246
Convert 2211303202 (base 4) to base 14.
1396dc
Convert 51680 (base 13) to base 4.
203223020
Convert 100111110001101001000 (base 2) to base 7.
14035623
-10010222210 (base 3) to base 6
-1154503
1b9fb0 (base 16) to base 10
1810352
Convert 1022223220 (base 4) to base 6.
10320104
23302450 (base 6) to base 11
454867
10222402 (base 5) to base 11
59661
Convert -29b9c99 (base 13) to base 6.
-1153423121
What is 431002514 (base 6) in base 13?
1763a34
What is 8136c (base 13) in base 11?
148847
-86170 (base 10) to base 5
-10224140
Convert 59610 (base 11) to base 3.
11100212021
Convert -3674912 (base 11) to base 7.
-105212311
What is -212211211002 (base 3) in base 6?
-14020515
-1e3bee (base 15) to base 9
-2706428
1203324101 (base 5) to base 6
135503441
Convert 13242142 (base 5) to base 6.
2512331
-10222101111121 (base 3) to base 8
-10040312
What is 34119 (base 13) in base 6?
2010130
3a17a54 (base 11) to base 5
3234403140
-190261 (base 10) to base 4
-232130311
Convert -70235665 (base 8) to base 6.
-1244213233
-1324442423 (base 5) to base 12
-115bb21
Convert 2122100003 (base 4) to base 9.
1162612
What is -86355 (base 13) in base 2?
-111011001001000111
-21312 (base 4) to 